 (-2 - -1))/q. List the prime factors of l(v).
2, 61
Let f be 53/(-212) + (-2814)/8. Let j = 529 + f. List the prime factors of j.
3, 59
Suppose -40253 = -h - 5*b, 0 = 4*h - 48*b + 46*b - 161034. What are the prime factors of h?
2, 20129
Let p = 71 - 61. Let n be (-26)/(-8) + 1 + p/(-8). Suppose 5*i - n*r = 341, -3*r = 3*i + 2*r - 191. List the prime factors of i.
67
Let l = 92 + -88. Suppose -l*u - 2*k = -1365 - 2031, 849 = u - k. Suppose -3*w + u = 3*t, -3*t - w + 5*w + 842 = 0. List the prime factors of t.
2, 3, 47
Suppose 2*z = 3*l - 827 - 2832, -4860 = -4*l - 2*z. Suppose l = 5*w - 4*w + 4*h, 4904 = 4*w + 4*h. List the prime factors of w.
1229
Suppose 48 = -3*w + 11*w. What are the prime factors of 397 - (-2 + (w - 7))?
2, 5
Let j(g) = 451*g - 1999. List the prime factors of j(20).
7, 17, 59
What are the prime factors of (-901)/3*(-36)/(20 + -17)?
2, 17, 53
List the prime factors of 144/(-36) - (-7783 - 3).
2, 3, 1297
Let s(y) = -16*y - 30. Let a be s(-15). Suppose 2*t + 2*z - 7*z - a = 0, 4*t - 438 = z. List the prime factors of t.
2, 5, 11
Suppose -3*p - 4*i = -18, p + 13 = -0*i + 5*i. Let r be 4/(-36)*p - 65/(-9). List the prime factors of -2 + 4 - r/(21/(-246)).
2, 3, 7
Let g(u) = -334*u + 299. List the prime factors of g(-7).
3, 293
Let o be 4/1 - (-7 + -410 + -6). Suppose -5*l + 1128 + o = 0. What are the prime factors of l?
311
List the prime factors of (-2 - -6667) + -72 + 86.
6679
Suppose 0 = 26*l + 16*l - 40*l - 6730. List the prime factors of l.
5, 673
Suppose 0 = 6*u + 239*u - 1020180. What are the prime factors of u?
2, 3, 347
Suppose 0 = -4*w + 4*d + 32, 10 = -3*w - 5*d - 6. Suppose 3 = w*b, 3*b = -12*m + 17*m - 3812. What are the prime factors of m?
7, 109
Suppose 218*z - 3546510 = 253539 - 945775. What are the prime factors of z?
13093
Suppose 8*g = -12*g + 6600. Suppose 4*n + 11*r - 646 = 10*r, 0 = 2*n + 4*r - g. List the prime factors of n.
7, 23
Suppose -5*m = 2*h + 26, -21*m + 20*m = h + 7. List the prime factors of (h/(-3))/(((-40)/(-225))/8).
3, 5
Suppose 2*a - 19 = -1. Suppose a*y = y. Suppose y = -5*i + 15, i - 31 = 2*r - 6*r. What are the prime factors of r?
7
Let n(s) be the second derivative of -5/6*s**4 + 1/20*s**5 + 0 - 6*s**2 + 15*s - 3/2*s**3. What are the prime factors of n(11)?
2, 5
Let k = -286 - -292. Let i(f) be the second derivative of -f**5/20 + 2*f**4/3 - 5*f**3/6 + f**2/2 + 3*f. List the prime factors of i(k).
43
Suppose -x = -29 + 18. Let m(o) = -5*o**2 + 7*o + 9. Let c(f) = 14*f**2 - 22*f - 27. Let k(v) = x*m(v) + 4*c(v). What are the prime factors of k(-8)?
11, 13
Suppose -4*k + 35*t + 152612 = 36*t, 3*k + 4*t - 114433 = 0. What are the prime factors of k?
5, 13, 587
Let x(y) = -5*y**3 - 10*y**2 + y - 29. Let i be x(-11). Suppose 5*r = 5*f - i, 20*r - 24*r - 5402 = -5*f. What are the prime factors of f?
2, 7, 11
List the prime factors of 3563*(42/(-21) + 24/14 - -4).
2, 13, 509
Let q(i) = 2*i**3 + 61*i**2 - 63*i - 9. Suppose 5*z - a + 159 = 0, 2*z = 7*z + a + 151. What are the prime factors of q(z)?
983
Suppose -5*j - 35 + 50 = 0. Suppose 0 = j*p - 8*p + 1350. What are the prime factors of p?
2, 3, 5
Let q = 155 + -136. What are the prime factors of (-123)/(q/(-3) - -6)?
3, 41
Let z(q) = 2*q**2 - 21*q - 857. Let w be z(-16). Let f(x) be the second derivative of -13*x**3/6 - 9*x**2/2 - 2*x. What are the prime factors of f(w)?
2, 3
Let i(k) = 351*k - 2496. List the prime factors of i(79).
3, 13, 647
Suppose 4*s = 4*k + 4140, -3*s - 1694 = 5*k - 4815. What are the prime factors of s?
17, 61
Let q be -4 + -1 + (3 - -2). Suppose -4*h = -h + 12, q = 4*j - 3*h - 888. List the prime factors of j.
3, 73
Suppose 4675 = -5*o - 2760. Let d = 1043 + o. Let y = 699 + d. What are the prime factors of y?
3, 5, 17
Let u = -623 + 1583. Suppose 0 = -3*y + 3*j - u, 3*j + 1600 = -5*y - 2*j. Let l = -157 - y. What are the prime factors of l?
163
Suppose 0 = -2*u - 5*a + 61401, -19*u + 21*u = -3*a + 61395. What are the prime factors of u?
3, 13, 787
Let z be (2/3)/((-2)/(-12)). Let g(o) = 33*o**2 + 199*o + 10. Let a be g(-6). Suppose -a*h + 85 = u, -2*h - h + 379 = z*u. List the prime factors of u.
97
Let o(p) = p**2 - 18*p + 84. Let v be o(10). Suppose -v*t - 2*r = -326, -2*t + 3*t - 81 = -r. List the prime factors of t.
2, 41
Let f = -1549 - -2423. List the prime factors of f.
2, 19, 23
Let x = 71363 + -35915. List the prime factors of x.
2, 3, 7, 211
Suppose -q - 10310 = 4*u, 8*u - 5*q = 7*u - 2588. What are the prime factors of (-3)/15*u - (-9)/(-15)?
5, 103
List the prime factors of (-27)/(-45)*-4742*-5.
2, 3, 2371
Suppose 0 = t - 18 - 271. Suppose j + t = 2*j. What are the prime factors of j?
17
Suppose 0 = 13*f - 85614 - 204065. List the prime factors of f.
22283
Suppose 17*f + 12782 = 39*f. Let m = f - 227. List the prime factors of m.
2, 3, 59
Let d = 571 - 1685. Let u = 2362 + d. What are the prime factors of u?
2, 3, 13
Suppose -4*p = p + 30. Let c be (p/(-15))/((-3)/15). What are the prime factors of 6/(-1 - c)*3?
2, 3
Let f be (-231 - -1) + 6/((-60)/(-50)). Let l be 2 + -2 + -423 - 0. Let c = f - l. What are the prime factors of c?
2, 3, 11
Let i(c) = 11*c**2 + 5. Let s be i(6). Suppose s = 2*j - 845. What are the prime factors of j?
7, 89
Suppose 0 = 2*y - 2*v - 782, 393 = 3*y - 2*y + v. Let w be (10/25)/((-7)/(-2800) - 0). Let c = y - w. What are the prime factors of c?
2, 29
Suppose 0 = -2*g + 3*g + 4, -2*l = 2*g - 760. Suppose m + 5*m - l = 0. Let z = m + -25. What are the prime factors of z?
3, 13
Suppose 0 = 2*q - 55 + 45. Suppose 9*p = 3*g + q*p - 1241, 3*p + 1242 = 3*g. What are the prime factors of g?
5, 83
Let o(s) = s**3 + 31*s**2 + 25*s + 173. Suppose 2*g - 330 = 13*g. What are the prime factors of o(g)?
17, 19
Suppose 0 = -3*x + 2*o + 11430, -x + 4*o + 3381 = -429. What are the prime factors of x?
2, 3, 5, 127
Let i(u) be the first derivative of 2*u**3/3 - 7*u**2/2 - 30*u + 498. Let o be (-3)/2*52/(-6). List the prime factors of i(o).
7, 31
Suppose -3*a = 37*w - 40*w + 6, 5*a + 18 = -3*w. What are the prime factors of ((-2)/a)/(26/19227)?
17, 29
Suppose -20*c - 40*c + 360960 = 0. Suppose -2*a = 2*a - c. List the prime factors of a.
2, 47
Suppose -149186 = 58*c - 453338. What are the prime factors of c?
2, 3, 19, 23
Suppose 0 = -24*r - 99 - 333. What are the prime factors of (r - -19)/((-1)/(-388))?
2, 97
Let q(i) = 364*i**3 - 3*i**2 - 26*i + 109. List the prime factors of q(3).
2, 1229
Let z(q) = q**2 + q + 5. Let t be 48/(-32)*(-20)/6. Suppose 5*o = -t*o. List the prime factors of z(o).
5
Let y = 24533 + -14401. What are the prime factors of y?
2, 17, 149
List the prime factors of 163793*14/980 - (-3)/30.
2, 3, 5, 13
Let v(q) be the first derivative of 7*q**3/3 + 31*q**2/2 + 12*q - 82. What are the prime factors of v(-8)?
2, 53
Let a = 70 + -52. List the prime factors of a/(-99) + (-5196)/(-22) + -2.
2, 3, 13
What are the prime factors of -3 + (-231)/(-11) + 23347?
5, 4673
Suppose 0 = -2*w - 10*z + 13*z, -4*w + 6 = -3*z. Suppose w*x + 2*v - 2449 = 0, 5*v = -4*x + 6*x - 1601. List the prime factors of x.
3, 271
Let b be (-18)/8*(2 - 4 - 2). Let p(q) = 22*q + 0 - b - 9. What are the prime factors of p(6)?
2, 3, 19
Let s(l) = -l**2 - 42*l + 235. Let t be s(-47). Let b = 7 - 0. Suppose b*r - 1703 + 226 = t. List the prime factors of r.
211
Suppose 0 = 4*o - 20, 689 = s - 5*o + 10*o. Suppose 39*x - 35*x = s. Suppose 0 = 6*f - 7*f + x. What are the prime factors of f?
2, 83
Suppose 1575 = -2*j + 5*c, 0 = -4*j - 4*c - 193 - 2943. Let u = -584 - j. List the prime factors of u.
3, 67
Let a be 2*-1 + (-3 - -6). Let d be -4*a/(-2)*8. Let c = 63 - d. What are the prime factors of c?
47
Suppose -25*k + 21*k = -32. Suppose -4*c + 8496 = k*c. What are the prime factors of c?
2, 3, 59
Let c be (-5 - -117)/(4/6). Suppose -10*k + 2*k - c = 0. Let u(m) = -m**2 - 20*m + 31. List the prime factors of u(k).
2, 5
Let i(s) = s**3 - 4*s**2 + 4*s. Let q be i(3). Suppose r + 2*l = -0*r + 18, 4*r + q*l - 62 = 0. List the prime factors of (-4 - 4/(-4)) + r.
11
Suppose -2*f = 2*q - 420, -q + 7*f + 205 = 3*f. Suppose -5*i - 418 = -3*c, -3*c + 4*i = -628 + q. List the prime factors of c.
3, 47
Let t(z) = -z**3 - 12*z**2 - 12*z + 9. Let p be 130/(-39)*(-48)/10. Let x be p/32 - 23/2. What are the prime factors of t(x)?
2